{"id":1594,"date":"2018-12-22T17:50:49","date_gmt":"2018-12-22T17:50:49","guid":{"rendered":"https:\/\/cartoit.com\/_hosting\/lietuvoskartografija.lt\/?page_id=1594"},"modified":"2018-12-29T16:59:11","modified_gmt":"2018-12-29T16:59:11","slug":"sieninis-mokyklinis-apzvalginis-lietuvos-zemelapis-m-1100-000-a-vireliunas-1930-m","status":"publish","type":"page","link":"https:\/\/lietuvoskartografija.lt\/metrastis\/kuriniai\/sieninis-mokyklinis-apzvalginis-lietuvos-zemelapis-m-1100-000-a-vireliunas-1930-m\/","title":{"rendered":"Sieninis mokyklinis ap\u017evalginis Lietuvos \u017eem\u0117lapis M 1:100 000 (A. Vireli\u016bnas, 1930 m.)"},"content":{"rendered":"<!-- Intro section -->\r\n<div id=\"intro\" class=\"single-post grid-container\">\r\n<div class=\"intro-book grid-x\">\r\n<div class=\"book-left cell medium-6\">\r\n<div class=\"content-box-middle\">\r\n<h1 class=\"headings-title\">Mokyklinis Lietuvos \u017eem\u0117lapis <span style=\"white-space: nowrap;\">M 1:300 000<\/span><\/h1>\r\n<h1 class=\"headings-title\"><span style=\"font-size: 18pt;\">A. Vireli\u016bnas, 1930 m.<\/span><\/h1>\r\n<p class=\"headings-p\">Sieninis mokyklinis ap\u017evalginis \u017eem\u0117lapis orientuojamas mokyklinio am\u017eiaus vaikams ir skirtas geografijos mokymosi procesui \u012ftvirtinti.<\/p>\r\n<\/div>\r\n<\/div>\r\n<div class=\"book-right cell medium-6\">\r\n<div class=\"book-right-content\">\r\n<div class=\"orbit-image\" style=\"background-image: url('https:\/\/lietuvoskartografija.lt\/metrastis\/wp-content\/uploads\/2018\/12\/VIR1930_1.jpeg');\">\u00a0<\/div>\r\n<\/div>\r\n<\/div>\r\n<\/div>\r\n<div class=\"adbox-left\">Lietuvos kartograf\u0173 draugija <i class=\"fi-social-facebook\"><\/i> <i class=\"fi-social-twitter\"><\/i> <i class=\"fi-social-instagram\"><\/i><\/div>\r\n<\/div>\r\n<!-- End - Intro section -->\r\n<section class=\"section-content grid-container\">\r\n<h3>Bendra informacija ir \u017eem\u0117lapio sudarymo aplinkyb\u0117s<\/h3>\r\n<div class=\"grid-x grid-margin-x \">\r\n<div class=\"cell medium-6 cell-border\">\r\n<article class=\"article-about-simple\">\r\n<div class=\"timeline-post\">\r\n<ul>\r\n\t<li>1930 m.<\/li>\r\n<\/ul>\r\n<\/div>\r\n<p>Atkurtoje tarpukario Lietuvoje geografin\u0117 literat\u016bra ir kartografin\u0117 produkcija, ypa\u010d mokslin\u0117 ir mokyklin\u0117, nebuvo gausi. Tokiomis aplinkyb\u0117mis buvo sudarytas ir 1930 m. jau po autoriaus mirties i\u0161spausdintas A. Vireli\u016bno sieninis mokyklinis ap\u017evalginis 1 : 300 000 mastelio Lietuvos \u017eem\u0117lapis.<\/p>\r\n<p>A.Vireli\u016bno sieninis mokyklinis ap\u017evalginis \u017eem\u0117lapis orientuojamas mokyklinio am\u017eiaus vaikams ir skirtas geografijos mokymosi procesui \u012ftvirtinti.<\/p>\r\n<p>&nbsp;<\/p>\r\n<\/article>\r\n<\/div>\r\n<div class=\"cell medium-6\"><img src=\"https:\/\/lietuvoskartografija.lt\/metrastis\/wp-content\/uploads\/2018\/12\/VIR_1.jpg\" alt=\"Space\" \/>\u00a0 \u00a0\u00a0<img loading=\"lazy\" class=\" wp-image-1600\" src=\"https:\/\/lietuvoskartografija.lt\/metrastis\/wp-content\/uploads\/2018\/12\/VIR1930_1-300x267.jpeg\" alt=\"\" width=\"360\" height=\"320\" srcset=\"https:\/\/lietuvoskartografija.lt\/metrastis\/wp-content\/uploads\/2018\/12\/VIR1930_1-300x267.jpeg 300w, https:\/\/lietuvoskartografija.lt\/metrastis\/wp-content\/uploads\/2018\/12\/VIR1930_1-768x684.jpeg 768w, https:\/\/lietuvoskartografija.lt\/metrastis\/wp-content\/uploads\/2018\/12\/VIR1930_1.jpeg 800w\" sizes=\"(max-width: 360px) 100vw, 360px\" \/><\/div>\r\n<\/div>\r\n<\/section>\r\n<section class=\"section-content grid-container\">\r\n<h3>\u017dem\u0117lapis ir jo svarba<\/h3>\r\n<div class=\"grid-x grid-margin-x\">\r\n<div class=\"cell medium-6\">\r\n<article class=\"article-about-simple-simple\">\r\n<p>\u017dem\u0117lapyje vaizduojamos Lietuvos ir kaimynini\u0173 valstybi\u0173 teritorijos. A. Vireli\u016bnas svarbiausia geografinio pagrindo dalimi laik\u0117 upes, tod\u0117l \u012f kartografuojam\u0105 plot\u0105 \u012ftrauk\u0117 Priegliaus, Ventos ir Lielup\u0117s baseinus, taip pat did\u017eiulius Nemuno, Dauguvos ir Neries basein\u0173 plotus. Autorius pavaizdavo svarbiausius hidrografijos tinklo elementus (upes, e\u017eerus, pelkes), svarbiausiuosius orografinius vienetus, optimal\u0173 gyvenvie\u010di\u0173 skai\u010di\u0173, gele\u017einkelius, plentus ir kai kuriuos vie\u0161kelius. Gyvenvietes, atsi\u017evelgdamas \u012f j\u0173 gyventoj\u0173 skai\u010di\u0173, sugrupavo \u012f penkias grupes, pa\u017eym\u0117jo jas skirtingos konfig\u016bracijos geometriniais \u017eenklais: apskritimais, trikampiais. Be to, autorius pa\u017eym\u0117jo senov\u0117je buvusias, bet jau i\u0161nykusias gyvenvietes ir pilis.<\/p>\r\n<\/article>\r\n<\/div>\r\n<div class=\"cell medium-6 cell-border\">\r\n<article class=\"article-about-simple\">\r\n<p>\u017dem\u0117lapio autorius A. Vireli\u016bnas \u2500 nenuilstantis tarpukario Lietuvos geografas, pedagogas, Lietuvos mokyklin\u0117s geografijos pradinink\u0173, apr\u016bpinusi\u0173 to meto mokyklas tr\u016bkstamais sieniniais geografiniais \u017eem\u0117lapiais. A. Vireli\u016bno M 1:300 000 \u017eem\u0117lapio atsiradimas istorin\u0117mis aplinkyb\u0117mis svarbus, leid\u0119s pagyvinti geografijos pamokas ir sudar\u0119s galimybes \u012ftvirtinti mokini\u0173 gaunamas teorines geografijos \u017einias. Vis\u0105 de\u0161imtmet\u012f A. Vireli\u016bno parengtas sieninis Lietuvos \u017eem\u0117lapis buvo pagrindin\u0117 geografijos mokymo priemon\u0117, ir t\u016bkstan\u010diai to meto vaik\u0173 gavo geografines \u017einias b\u016btent i\u0161 \u0161io \u017eem\u0117lapio.<\/p>\r\n<br \/>\r\n<br \/>\r\n<\/article>\r\n<\/div>\r\n<\/div>\r\n<\/section>\r\n<section class=\"section-content grid-container\">\r\n<div class=\"grid-x grid-margin-x\">\r\n<div class=\"cell medium-6\"><img src=\"https:\/\/lietuvoskartografija.lt\/metrastis\/wp-content\/uploads\/2018\/12\/VIRMET_1.png\" alt=\"Space\" \/><\/div>\r\n<div class=\"cell medium-6\">\r\n<article class=\"article-about-simple\">\r\n<h3>Nuorodos<\/h3>\r\n<ul>\r\n\t<li>A. Samas. \u017dem\u0117lapiai ir j\u0173 k\u016br\u0117jai. Vilnius, 1997<\/li>\r\n\t<li><a href=\"https:\/\/100lietuvoszemelapiu.lt\/2018\/04\/14\/a-vireliuno-sieninis-mokyklinis-apzvalginis-lietuvos-zemelapis\/\">100lietuvoszemelapiu.lt<\/a><\/li>\r\n\t<li><a href=\"http:\/\/www.vartiklis.lt\/history\/lith\/vireliunas.htm\">vartiklis.lt<\/a><\/li>\r\n\t<li><a href=\"https:\/\/vdkm.limis.lt\/laikotarpis\/perziura\/-\/exhibit\/mediaObjectPreview\/4377106\/5514581?_exhibitPreviewportlet_WAR_limiskportlet_backUrl=%2Flaikotarpis%2Fperziura%2F-%2Fexhibit%2Fpreview%2F4377106%3Fs_id%3DOEPPVW31hk7fDKjK%26s_ind%3D190%26valuable_type%3DEKSPONATAS\">vdkm.limis.lt<\/a><\/li>\r\n\t<li><a href=\"http:\/\/www.epaveldas.lt\/recordDescription\/SAVB\/C150000372492\">epaveldas.lt<\/a><\/li>\r\n<\/ul>\r\n<\/article>\r\n<\/div>\r\n<div class=\"adbox-left\"><a href=\"https:\/\/100lietuvoszemelapiu.lt\">100lietuvoszemelapiu.lt<\/a><\/div>\r\n<\/div>\r\n<\/section>","protected":false},"excerpt":{"rendered":"Mokyklinis Lietuvos \u017eem\u0117lapis M 1:300 000 A. Vireli\u016bnas, 1930 m. Sieninis mokyklinis ap\u017evalginis \u017eem\u0117lapis orientuojamas mokyklinio am\u017eiaus vaikams ir skirtas geografijos mokymosi procesui \u012ftvirtinti. \u00a0 Lietuvos kartograf\u0173 draugija Bendra informacija ir \u017eem\u0117lapio sudarymo aplinkyb\u0117s 1930 m. Atkurtoje tarpukario Lietuvoje geografin\u0117 literat\u016bra ir kartografin\u0117 produkcija, ypa\u010d mokslin\u0117 ir mokyklin\u0117, nebuvo gausi. Tokiomis aplinkyb\u0117mis buvo sudarytas ir [&hellip;]","protected":false},"author":2,"featured_media":0,"parent":1592,"menu_order":0,"comment_status":"closed","ping_status":"closed","template":"","meta":[],"_links":{"self":[{"href":"https:\/\/lietuvoskartografija.lt\/metrastis\/wp-json\/wp\/v2\/pages\/1594"}],"collection":[{"href":"https:\/\/lietuvoskartografija.lt\/metrastis\/wp-json\/wp\/v2\/pages"}],"about":[{"href":"https:\/\/lietuvoskartografija.lt\/metrastis\/wp-json\/wp\/v2\/types\/page"}],"author":[{"embeddable":true,"href":"https:\/\/lietuvoskartografija.lt\/metrastis\/wp-json\/wp\/v2\/users\/2"}],"replies":[{"embeddable":true,"href":"https:\/\/lietuvoskartografija.lt\/metrastis\/wp-json\/wp\/v2\/comments?post=1594"}],"version-history":[{"count":0,"href":"https:\/\/lietuvoskartografija.lt\/metrastis\/wp-json\/wp\/v2\/pages\/1594\/revisions"}],"up":[{"embeddable":true,"href":"https:\/\/lietuvoskartografija.lt\/metrastis\/wp-json\/wp\/v2\/pages\/1592"}],"wp:attachment":[{"href":"https:\/\/lietuvoskartografija.lt\/metrastis\/wp-json\/wp\/v2\/media?parent=1594"}],"curies":[{"name":"wp","href":"https:\/\/api.w.org\/{rel}","templated":true}]}}