{"id":1591,"date":"2018-12-15T15:40:05","date_gmt":"2018-12-15T15:40:05","guid":{"rendered":"https:\/\/cartoit.com\/_hosting\/lietuvoskartografija.lt\/?page_id=1591"},"modified":"2019-01-13T16:55:24","modified_gmt":"2019-01-13T16:55:24","slug":"inzinerines-fotogrametrijos-laboratorija","status":"publish","type":"page","link":"https:\/\/lietuvoskartografija.lt\/metrastis\/organizacijos\/inzinerines-fotogrametrijos-laboratorija\/","title":{"rendered":"In\u017einerin\u0117s fotogrametrijos laboratorija"},"content":{"rendered":"<div id=\"intro\" class=\"single-post grid-container\">\r\n<div class=\"intro-book grid-x\">\r\n<div class=\"book-left cell medium-6\">\r\n<div class=\"content-box-middle\">\r\n<h1 class=\"headings-title\">In\u017einerin\u0117s fotogrametrijos laboratorija<\/h1>\r\n<p class=\"headings-p\">Laboratorijos darbuotojai ekspedicij\u0173 metu vykd\u0117 Lietuvos kult\u016bros paveldo objekt\u0173 kartografavim\u0105, sukaup\u0117 unikal\u0173 nykstan\u010di\u0173 kult\u016bros paveldo objekt\u0173 fotogrametrin\u012f archyv\u0105.<\/p>\r\n\r\n<\/div>\r\n<\/div>\r\n<div class=\"book-right cell medium-6\">\r\n<div class=\"book-right-content\">\r\n<div class=\"orbit-image\" style=\"background-image: url('https:\/\/lietuvoskartografija.lt\/metrastis\/wp-content\/uploads\/2018\/12\/LKD_svetainei_FGL_4.jpg');\"><\/div>\r\n<\/div>\r\n<\/div>\r\n<\/div>\r\n<div class=\"adbox-left\">Lietuvos kartograf\u0173 draugija <i class=\"fi-social-facebook\"><\/i> <i class=\"fi-social-twitter\"><\/i> <i class=\"fi-social-instagram\"><\/i><\/div>\r\n<\/div>\r\n<!-- End - Intro section -->\r\n\r\n<section class=\"section-content grid-container\">\r\n<h3>Apie laboratorij\u0105 trumpai<\/h3>\r\n<div class=\"grid-x grid-margin-x \">\r\n<div class=\"cell medium-6 cell-border\"><article class=\"article-about-simple\">\r\n<div class=\"timeline-post\">\r\n<ul>\r\n \t<li>1969 m.<\/li>\r\n \t<li>1995 m.<\/li>\r\n<\/ul>\r\n<\/div>\r\nVilniaus universiteto Gamtos moksl\u0173 fakulteto In\u017einerin\u0117s fotogrametrijos laboratorij\u0105 \u00a0\u012fsteig\u0117 Vilniaus valstybinis universitetas ir Kult\u016bros ministerijos Mokslin\u0117 metodin\u0117 kult\u016bros paminkl\u0173 apsaugos taryba.\r\n\r\nLaboratorijos kolektyv\u0105 sudar\u0117 Vilniaus valstybinio universiteto Gamtos fakulteto absolventai, fakultatyviai baig\u0119 fotogrametrijos specializacij\u0105.\r\n\r\n1995 metais In\u017einerin\u0117s fotogrametrijos laboratorija\u00a0 buvo apjungta su Vilniaus universiteto Gamtos moksl\u0173 fakulteto Kartografijos laboratorija \u012f Vilniaus universiteto Gamtos moksl\u0173 fakulteto Kartografijos centr\u0105.\r\n\r\n<\/article><\/div>\r\n<div class=\"cell medium-6\">\r\n<div class=\"mceTemp\"><\/div>\r\n<div class=\"cell medium-6 img-collage-2x\">\r\n<div class=\"img-column\"><a href=\"http:\/\/lietuvoskartografija.lt\/wp-content\/uploads\/2018\/12\/LKD_svetainei_FGL_3.jpg\"><img loading=\"lazy\" class=\"size-large wp-image-1560 alignleft\" src=\"http:\/\/lietuvoskartografija.lt\/wp-content\/uploads\/2018\/12\/LKD_svetainei_FGL_3-1024x706.jpg\" alt=\"\" width=\"640\" height=\"441\" srcset=\"https:\/\/lietuvoskartografija.lt\/metrastis\/wp-content\/uploads\/2018\/12\/LKD_svetainei_FGL_3-1024x706.jpg 1024w, https:\/\/lietuvoskartografija.lt\/metrastis\/wp-content\/uploads\/2018\/12\/LKD_svetainei_FGL_3-300x207.jpg 300w, https:\/\/lietuvoskartografija.lt\/metrastis\/wp-content\/uploads\/2018\/12\/LKD_svetainei_FGL_3-768x530.jpg 768w, https:\/\/lietuvoskartografija.lt\/metrastis\/wp-content\/uploads\/2018\/12\/LKD_svetainei_FGL_3.jpg 1195w\" sizes=\"(max-width: 640px) 100vw, 640px\" \/><\/a><\/div>\r\n<div class=\"img-column\"><a href=\"http:\/\/lietuvoskartografija.lt\/wp-content\/uploads\/2018\/12\/LKD_svetainei_FGL_2.jpg\"><img loading=\"lazy\" class=\"size-large wp-image-1559\" src=\"http:\/\/lietuvoskartografija.lt\/wp-content\/uploads\/2018\/12\/LKD_svetainei_FGL_2-1024x777.jpg\" alt=\"\" width=\"640\" height=\"486\" srcset=\"https:\/\/lietuvoskartografija.lt\/metrastis\/wp-content\/uploads\/2018\/12\/LKD_svetainei_FGL_2-1024x777.jpg 1024w, https:\/\/lietuvoskartografija.lt\/metrastis\/wp-content\/uploads\/2018\/12\/LKD_svetainei_FGL_2-300x228.jpg 300w, https:\/\/lietuvoskartografija.lt\/metrastis\/wp-content\/uploads\/2018\/12\/LKD_svetainei_FGL_2-768x582.jpg 768w, https:\/\/lietuvoskartografija.lt\/metrastis\/wp-content\/uploads\/2018\/12\/LKD_svetainei_FGL_2.jpg 1076w\" sizes=\"(max-width: 640px) 100vw, 640px\" \/><\/a><\/div>\r\n<\/div>\r\n<\/div>\r\n<\/div>\r\n<\/section><section class=\"section-content grid-container\">\r\n<h3>Pagrindin\u0117 veikla<\/h3>\r\n<div class=\"grid-x grid-margin-x\">\r\n<div class=\"cell medium-6\"><article class=\"article-about-simple-simple\">Laboratorijos kolektyv\u0105 sudar\u0117 Vilniaus valstybinio universiteto Gamtos fakulteto absolventai, fakultatyviai baig\u0119 fotogrametrijos specializacij\u0105. Laboratorijos darbuotojai ekspedicij\u0173 metu vykd\u0117 Lietuvos kult\u016bros paveldo objekt\u0173 kartografavim\u0105, sukaup\u0117 unikal\u0173 nykstan\u010di\u0173 kult\u016bros paveldo objekt\u0173 fotogrametrin\u012f archyv\u0105.<\/article><\/div>\r\n<div class=\"cell medium-6 cell-border\"><article class=\"article-about-simple\">Kult\u016bros ministerijos Mokslin\u0117s metodin\u0117s kult\u016bros paminkl\u0173 apsaugos tarybos u\u017esakymu nuo 1970 met\u0173 buvo vykdomi sistemingi Lietuvos respublikin\u0117s ir vietin\u0117s reik\u0161m\u0117s architekt\u016bros paminkl\u0173 kompleksiniai kartografavimo darbai: paminkl\u0173 fotogrametrin\u0117 nuotrauka (stereofotografavimas), statini\u0173 matavimai klasikiniu b\u016bdu, objekto teritorijos topogeodezin\u0117 nuotrauka, atskir\u0173 statini\u0173 detali\u0173 fotofiksacija.Visa lauko kartografavimo med\u017eiaga buvo kameraliai apdorojama universaliais stereofotogrametriniais prietaisais. Apdorojant informacij\u0105, gaut\u0105 i\u0161 fotovaizd\u0173, buvo sudaromi Lietuvos pili\u0173, buvusi\u0173 dvar\u0173 pastat\u0173 ansambli\u0173, ba\u017eny\u010di\u0173, etnografini\u0173 kaim\u0173 sodyb\u0173 eksterjer\u0173 ir interjer\u0173 br\u0117\u017einiai.<\/article><\/div>\r\n<\/div>\r\n<\/section><section class=\"section-content grid-container\">\r\n<div class=\"grid-x grid-margin-x\">\r\n<div class=\"cell medium-6 img-collage-2x\">\r\n<div class=\"img-column\"><a href=\"http:\/\/lietuvoskartografija.lt\/wp-content\/uploads\/2018\/12\/LKD_svetainei_FGL_5.jpg\"><img loading=\"lazy\" class=\"size-large wp-image-1561\" src=\"http:\/\/lietuvoskartografija.lt\/wp-content\/uploads\/2018\/12\/LKD_svetainei_FGL_5-1024x772.jpg\" alt=\"\" width=\"640\" height=\"483\" srcset=\"https:\/\/lietuvoskartografija.lt\/metrastis\/wp-content\/uploads\/2018\/12\/LKD_svetainei_FGL_5-1024x772.jpg 1024w, https:\/\/lietuvoskartografija.lt\/metrastis\/wp-content\/uploads\/2018\/12\/LKD_svetainei_FGL_5-300x226.jpg 300w, https:\/\/lietuvoskartografija.lt\/metrastis\/wp-content\/uploads\/2018\/12\/LKD_svetainei_FGL_5-768x579.jpg 768w, https:\/\/lietuvoskartografija.lt\/metrastis\/wp-content\/uploads\/2018\/12\/LKD_svetainei_FGL_5.jpg 1100w\" sizes=\"(max-width: 640px) 100vw, 640px\" \/><\/a><\/div>\r\n<div class=\"img-column\">\r\n<a href=\"http:\/\/lietuvoskartografija.lt\/wp-content\/uploads\/2018\/12\/LKD_svetainei_FGL_1.jpg\"><img loading=\"lazy\" class=\"size-full wp-image-1558\" src=\"http:\/\/lietuvoskartografija.lt\/wp-content\/uploads\/2018\/12\/LKD_svetainei_FGL_1.jpg\" alt=\"\" width=\"720\" height=\"549\" srcset=\"https:\/\/lietuvoskartografija.lt\/metrastis\/wp-content\/uploads\/2018\/12\/LKD_svetainei_FGL_1.jpg 720w, https:\/\/lietuvoskartografija.lt\/metrastis\/wp-content\/uploads\/2018\/12\/LKD_svetainei_FGL_1-300x229.jpg 300w\" sizes=\"(max-width: 720px) 100vw, 720px\" \/><\/a>\r\n<\/div>\r\n<\/div>\r\n<div class=\"cell medium-6\"><article class=\"article-about-simple\">\r\n<h3>Susij\u0119 \u017emon\u0117s<\/h3>\r\n<ul>\r\n \t<li>A. Sitonis. Vadovas (1969\u20131975)<\/li>\r\n \t<li>Dr. A. Pilipaitis. Vadovas (1975\u20131995)<\/li>\r\n \t<li>Prof. habil. dr. V. Vainauskas. Mokslinis konsultantas<\/li>\r\n \t<li>R. Vil\u016bnas. Mokslinis vadovas (1969\u20131977)<\/li>\r\n \t<li>Prof. habil. dr. \u010c. Kudaba. Mokslinis vadovas (1977\u20131995)<\/li>\r\n \t<li>A. Bautr\u0117nas. Darbuotojas (1975\u20131995)<\/li>\r\n \t<li>T. Duksa. Darbuotojas\u00a0 (1972\u20131984)<\/li>\r\n \t<li>D Mardosien\u0117. Darbuotoja (1970\u20131997)<\/li>\r\n<\/ul>\r\n<\/article><\/div>\r\n<div class=\"adbox-left\"><a href=\"https:\/\/100lietuvoszemelapiu.lt\">100lietuvoszemelapiu.lt<\/a><\/div>\r\n<\/div>\r\n<\/section>","protected":false},"excerpt":{"rendered":"In\u017einerin\u0117s fotogrametrijos laboratorija Laboratorijos darbuotojai ekspedicij\u0173 metu vykd\u0117 Lietuvos kult\u016bros paveldo objekt\u0173 kartografavim\u0105, sukaup\u0117 unikal\u0173 nykstan\u010di\u0173 kult\u016bros paveldo objekt\u0173 fotogrametrin\u012f archyv\u0105. Lietuvos kartograf\u0173 draugija Apie laboratorij\u0105 trumpai 1969 m. 1995 m. Vilniaus universiteto Gamtos moksl\u0173 fakulteto In\u017einerin\u0117s fotogrametrijos laboratorij\u0105 \u00a0\u012fsteig\u0117 Vilniaus valstybinis universitetas ir Kult\u016bros ministerijos Mokslin\u0117 metodin\u0117 kult\u016bros paminkl\u0173 apsaugos taryba. Laboratorijos kolektyv\u0105 sudar\u0117 [&hellip;]","protected":false},"author":2,"featured_media":0,"parent":1590,"menu_order":0,"comment_status":"closed","ping_status":"closed","template":"","meta":[],"_links":{"self":[{"href":"https:\/\/lietuvoskartografija.lt\/metrastis\/wp-json\/wp\/v2\/pages\/1591"}],"collection":[{"href":"https:\/\/lietuvoskartografija.lt\/metrastis\/wp-json\/wp\/v2\/pages"}],"about":[{"href":"https:\/\/lietuvoskartografija.lt\/metrastis\/wp-json\/wp\/v2\/types\/page"}],"author":[{"embeddable":true,"href":"https:\/\/lietuvoskartografija.lt\/metrastis\/wp-json\/wp\/v2\/users\/2"}],"replies":[{"embeddable":true,"href":"https:\/\/lietuvoskartografija.lt\/metrastis\/wp-json\/wp\/v2\/comments?post=1591"}],"version-history":[{"count":8,"href":"https:\/\/lietuvoskartografija.lt\/metrastis\/wp-json\/wp\/v2\/pages\/1591\/revisions"}],"predecessor-version":[{"id":1689,"href":"https:\/\/lietuvoskartografija.lt\/metrastis\/wp-json\/wp\/v2\/pages\/1591\/revisions\/1689"}],"up":[{"embeddable":true,"href":"https:\/\/lietuvoskartografija.lt\/metrastis\/wp-json\/wp\/v2\/pages\/1590"}],"wp:attachment":[{"href":"https:\/\/lietuvoskartografija.lt\/metrastis\/wp-json\/wp\/v2\/media?parent=1591"}],"curies":[{"name":"wp","href":"https:\/\/api.w.org\/{rel}","templated":true}]}}