{"id":1590,"date":"2018-12-15T15:19:44","date_gmt":"2018-12-15T15:19:44","guid":{"rendered":"https:\/\/cartoit.com\/_hosting\/lietuvoskartografija.lt\/?page_id=1590"},"modified":"2020-10-18T14:14:16","modified_gmt":"2020-10-18T14:14:16","slug":"organizacijos","status":"publish","type":"page","link":"https:\/\/lietuvoskartografija.lt\/metrastis\/organizacijos\/","title":{"rendered":"Organizacijos"},"content":{"rendered":"<div id=\"intro\" class=\"page single-page grid-container\">\r\n<div class=\"intro-book grid-x\">\r\n<div class=\"book-left cell medium-6\">\r\n<div class=\"content-box-middle\">\r\n<h1 class=\"headings-title\">Organizacijos kartografijai<\/h1>\r\n<p class=\"headings-p\">Lietuvos kartografus ir kartografijos profesij\u0105 vienijo, atstovavo ir iki \u0161iol t\u0105 daro ne viena organizacija. Susipa\u017einkite su organizacijomis, kuri\u0173 \u012ftaka Lietuvos kartografijos radai did\u017eiausia.<\/p>\r\n\r\n<\/div>\r\n<\/div>\r\n<div class=\"book-right cell medium-6\">\r\n<div class=\"book-right-content\">\r\n<div class=\"orbit-image\" style=\"background-image: url('https:\/\/lietuvoskartografija.lt\/metrastis\/wp-content\/uploads\/2018\/12\/LKD_svetainei_KLAB_1.jpg');\"><\/div>\r\n<\/div>\r\n<\/div>\r\n<\/div>\r\n<div class=\"adbox-left\">Lietuvos kartograf\u0173 draugija <i class=\"fi-social-facebook\"><\/i> <i class=\"fi-social-twitter\"><\/i> <i class=\"fi-social-instagram\"><\/i><\/div>\r\n<\/div>\r\n<!-- End - Intro section --><!-- Timeline section -->\r\n<div class=\"timeline single-page grid-container\">\r\n<div class=\"timeline-content\"><article class=\"timeline-article grid-x\">\r\n<div class=\"timeline-left cell cell-first small-6\"><header>\r\n<h2>1966-1995 m.<\/h2>\r\n<h3>Kartografijos laboratorija<\/h3>\r\n<\/header>\r\n<div class=\"timeline-article-content headings-p-small\">\r\n\r\nLaboratorijos tikslas buvo pirmojo Lietuvos kompleksinio atlaso rengimas.<br class=\"blank\" \/><br class=\"blank\" \/><a href=\"https:\/\/lietuvoskartografija.lt\/metrastis\/organizacijos\/kartografijos-laboratorija\/\">Skaityti daugiau<\/a>\r\n\r\n<\/div>\r\n<\/div>\r\n<div class=\"timeline-dot timeline-dot-first\"><\/div>\r\n<div class=\"timeline-right cell cell-first small-6\"><img style=\"width: 35rem;\" src=\"https:\/\/lietuvoskartografija.lt\/metrastis\/wp-content\/uploads\/2018\/12\/LKD_svetainei_KLAB_2.jpg\" alt=\"Space\" \/><\/div>\r\n<\/article><article class=\"timeline-article grid-x\">\r\n<div class=\"timeline-left cell small-6\"><img src=\"https:\/\/lietuvoskartografija.lt\/metrastis\/wp-content\/uploads\/2018\/12\/LKD_svetainei_FGL_2.jpg\" alt=\"Space\" \/><\/div>\r\n<div class=\"timeline-dot\"><\/div>\r\n<div class=\"timeline-right cell small-6\"><header>\r\n<h2>1969-1995 m.<\/h2>\r\n<h3>In\u017einerin\u0117s fotogrametrijos laboratorija<\/h3>\r\n<\/header>\r\n<div class=\"timeline-article-content headings-p-small\">\r\n\r\nLaboratorijos darbuotojai ekspedicij\u0173 metu vykd\u0117 Lietuvos kult\u016bros paveldo objekt\u0173 kartografavim\u0105, sukaup\u0117 unikal\u0173 nykstan\u010di\u0173 kult\u016bros paveldo objekt\u0173 fotogrametrin\u012f archyv\u0105.<br class=\"blank\" \/><br class=\"blank\" \/><a href=\"https:\/\/lietuvoskartografija.lt\/metrastis\/organizacijos\/inzinerines-fotogrametrijos-laboratorija\/\">Skaityti daugiau<\/a>\r\n\r\n<\/div>\r\n<\/div>\r\n<\/article><article class=\"timeline-article grid-x\">\r\n<div class=\"timeline-left cell small-6\"><header>\r\n<h2>1995-2017<\/h2>\r\n<h3>Kartografijos centras<\/h3>\r\n<\/header>\r\n<div class=\"timeline-article-content headings-p-small\">\r\n\r\nKartografijos centras puosel\u0117ja temin\u0117s kartografijos tradicijos, sudaromi \u017eem\u0117lapiai mokykloms, Visuotinei lietuvi\u0173 enciklopedijai, atlasai.<br class=\"blank\" \/><br class=\"blank\" \/><a href=\"https:\/\/lietuvoskartografija.lt\/metrastis\/organizacijos\/kartografijos-centras\/\">Skaityti daugiau<\/a>\r\n\r\n<\/div>\r\n<\/div>\r\n<div class=\"timeline-dot\"><\/div>\r\n<div class=\"timeline-right cell small-6\"><img style=\"width: 35rem;\" src=\"https:\/\/lietuvoskartografija.lt\/metrastis\/wp-content\/uploads\/2018\/12\/LKD_svetainei_KC_1.jpg\" alt=\"Space\" \/><\/div>\r\n<\/article>\r\n\r\n<article class=\"timeline-article grid-x\">\r\n<div class=\"timeline-left cell small-6\"><img src=\"https:\/\/lietuvoskartografija.lt\/metrastis\/wp-content\/uploads\/2018\/12\/LKD_svetainei_LKD_3-1.jpg\" alt=\"Space\" \/><\/div>\r\n<div class=\"timeline-dot\"><\/div>\r\n<div class=\"timeline-right cell small-6\"><header>\r\n<h2>nuo 2003-03-20<\/h2>\r\n<h3>Lietuvos kartograf\u0173 draugija<\/h3>\r\n<\/header>\r\n<div class=\"timeline-article-content headings-p-small\">\r\n\r\nNacionalin\u0117 mokslin\u0117-visuomenin\u0117 asociacija, savanori\u0161kos naryst\u0117s pagrindu vienijanti fizinius asmenis, kuriems r\u016bpi kartografijos mokslas, praktika ir edukacija Lietuvos valstyb\u0117je.<br class=\"blank\" \/><br class=\"blank\" \/><a href=\"https:\/\/lietuvoskartografija.lt\/metrastis\/organizacijos\/lietuvos-kartografu-draugija\/\">Skaityti daugiau<\/a>\r\n\r\n<\/div>\r\n<\/div>\r\n<\/article>\r\n<\/div>\r\n<\/div>\r\n\r\n<!-- End - Timeline section -->","protected":false},"excerpt":{"rendered":"Organizacijos kartografijai Lietuvos kartografus ir kartografijos profesij\u0105 vienijo, atstovavo ir iki \u0161iol t\u0105 daro ne viena organizacija. Susipa\u017einkite su organizacijomis, kuri\u0173 \u012ftaka Lietuvos kartografijos radai did\u017eiausia. Lietuvos kartograf\u0173 draugija 1966-1995 m. Kartografijos laboratorija Laboratorijos tikslas buvo pirmojo Lietuvos kompleksinio atlaso rengimas.Skaityti daugiau 1969-1995 m. In\u017einerin\u0117s fotogrametrijos laboratorija Laboratorijos darbuotojai ekspedicij\u0173 metu vykd\u0117 Lietuvos kult\u016bros paveldo [&hellip;]","protected":false},"author":2,"featured_media":0,"parent":0,"menu_order":0,"comment_status":"closed","ping_status":"closed","template":"","meta":[],"_links":{"self":[{"href":"https:\/\/lietuvoskartografija.lt\/metrastis\/wp-json\/wp\/v2\/pages\/1590"}],"collection":[{"href":"https:\/\/lietuvoskartografija.lt\/metrastis\/wp-json\/wp\/v2\/pages"}],"about":[{"href":"https:\/\/lietuvoskartografija.lt\/metrastis\/wp-json\/wp\/v2\/types\/page"}],"author":[{"embeddable":true,"href":"https:\/\/lietuvoskartografija.lt\/metrastis\/wp-json\/wp\/v2\/users\/2"}],"replies":[{"embeddable":true,"href":"https:\/\/lietuvoskartografija.lt\/metrastis\/wp-json\/wp\/v2\/comments?post=1590"}],"version-history":[{"count":10,"href":"https:\/\/lietuvoskartografija.lt\/metrastis\/wp-json\/wp\/v2\/pages\/1590\/revisions"}],"predecessor-version":[{"id":1779,"href":"https:\/\/lietuvoskartografija.lt\/metrastis\/wp-json\/wp\/v2\/pages\/1590\/revisions\/1779"}],"wp:attachment":[{"href":"https:\/\/lietuvoskartografija.lt\/metrastis\/wp-json\/wp\/v2\/media?parent=1590"}],"curies":[{"name":"wp","href":"https:\/\/api.w.org\/{rel}","templated":true}]}}