{"id":1586,"date":"2018-12-09T16:12:40","date_gmt":"2018-12-09T16:12:40","guid":{"rendered":"https:\/\/cartoit.com\/_hosting\/lietuvoskartografija.lt\/?page_id=1586"},"modified":"2018-12-09T18:13:58","modified_gmt":"2018-12-09T18:13:58","slug":"prof-ceslovas-kudaba","status":"publish","type":"page","link":"https:\/\/lietuvoskartografija.lt\/metrastis\/asmenybes\/prof-ceslovas-kudaba\/","title":{"rendered":"Prof. \u010ceslovas Kudaba"},"content":{"rendered":"<!-- Intro section -->\r\n<div id=\"intro\" class=\"single-post grid-container\">\r\n<div class=\"intro-book grid-x\">\r\n<div class=\"book-left cell medium-6\">\r\n<div class=\"content-box-middle\">\r\n<h1 class=\"headings-title\">Prof. \u010ceslovas Kudaba<\/h1>\r\n<p class=\"headings-p\">Prof. \u010c. Kudaba buvo labai plataus akira\u010dio mokslininkas, dirb\u0119s ir tyrimus vykd\u0119s geografijos, geomorfologijos, kartografijos, mokslo istorijos, aplinkos apsaugos, kra\u0161totyros, kra\u0161totvarkos srityse.\u00a0<\/p>\r\n<\/div>\r\n<\/div>\r\n<div class=\"book-right cell medium-6\">\r\n<div class=\"book-right-content\">\r\n<div class=\"orbit-image\" style=\"background-image: url('https:\/\/lietuvoskartografija.lt\/metrastis\/wp-content\/uploads\/2018\/12\/CKUD_3.jpg');\">\u00a0<\/div>\r\n<\/div>\r\n<\/div>\r\n<\/div>\r\n<div class=\"adbox-left\">Lietuvos kartograf\u0173 draugija <i class=\"fi-social-facebook\"><\/i> <i class=\"fi-social-twitter\"><\/i> <i class=\"fi-social-instagram\"><\/i><\/div>\r\n<\/div>\r\n<!-- End - Intro section -->\r\n<section class=\"section-content grid-container\">\r\n<h3>Apie prof. \u010ceslov\u0105 Kudab\u0105<\/h3>\r\n<div class=\"grid-x grid-margin-x \">\r\n<div class=\"cell medium-6 cell-border\">\r\n<article class=\"article-about-simple\">\r\n<div class=\"timeline-post\">\r\n<ul>\r\n\t<li>1934 m.<\/li>\r\n\t<li>1993 m.<\/li>\r\n<\/ul>\r\n<\/div>\r\n<p>Prof. \u010c. Kudaba gim\u0117 1934 m. liepos 24 d., Kobylninko miestelyje (dab. Naro\u010dius) prie Naru\u010dio e\u017eero Baltarusijoje. Mama Juzefa \u2013 Kobylninko klebonijos virtuv\u0117s darbuotoja, t\u0117vas \u2013 Pranas Kudaba, \u012f \u0161\u012f kra\u0161t\u0105 u\u017edarbiauti atklyd\u0119s lietuvis.<\/p>\r\n<p>Prof. \u010c. Kudaba buvo pedagogas, Lietuvos kult\u016bros bei Atviros Lietuvos fondo k\u016br\u0117jas, S\u0105j\u016bd\u017eio pradininkas, Auk\u0161\u010diausiosios Tarybos deputatas. Para\u0161\u0117 pusantro t\u016bstan\u010dio straipsni\u0173, \u0161e\u0161iolika knyg\u0173.\u00a0<\/p>\r\n<p>\u017dem\u0117lapiai j\u012f domino nuo studij\u0173 laik\u0173. \u012etakos tur\u0117jo jo d\u0117stytojai, v\u0117liau \u2013 bendradarbiai, pokario Lietuvos geografijos mokslo korif\u0117jai profesoriai Vaclovas Chomskis ir Alfonsas Basalykas.<\/p>\r\n<\/article>\r\n<\/div>\r\n<div class=\"cell medium-6\"><img src=\"https:\/\/lietuvoskartografija.lt\/metrastis\/wp-content\/uploads\/2018\/12\/CKUD_1.jpg\" alt=\"Space\" \/>\u00a0 \u00a0 <img src=\"https:\/\/lietuvoskartografija.lt\/metrastis\/wp-content\/uploads\/2018\/12\/CKUD_2.jpg\" alt=\"Space\" \/><\/div>\r\n<\/div>\r\n<\/section>\r\n<section class=\"section-content grid-container\">\r\n<h3>Kartografin\u0117 veikla<\/h3>\r\n<div class=\"grid-x grid-margin-x\">\r\n<div class=\"cell medium-6\">\r\n<article class=\"article-about-simple-simple\">\r\n<p>\u010c. Kudabos kartografin\u0117 veikla plati, kaip ir visas jo darbas. Pirmiausia \u2013 tirti Lietuvos kartografin\u012f palikim\u0105, j\u012f populiarinti, u\u017emegzti ir pl\u0117toti\u00a0 ry\u0161ius su \u012fstaigomis bei \u017emon\u0117mis (daugiausia su u\u017esienyje gyvenan\u010diais tautie\u010diais, pavyzd\u017eiui, dr. Vaclovu Dargu\u017eu-Andreas Hoferiu). Tai r\u016bpinimasis Lietuvos kartografija pla\u010di\u0105ja prasme. \u0160\u012f r\u016bpest\u012f jis ypa\u010d suvok\u0117 Lietuvai tapus nepriklausoma valstybe. Tais metais jis para\u0161\u0117 straipsn\u012f apie Lietuvos kartografij\u0105. Tai i\u0161sami publikacija (Mokslas ir technika. 1991. Nr. 10), kurioje ap\u017evelgiama Lietuvos \u017eem\u0117lapi\u0173 istorija, atkreipiamas d\u0117mesys \u012f poreik\u012f tyrin\u0117ti turting\u0105 Lietuvos kartografin\u012f palikim\u0105, keliamas susir\u016bpinimas, kad t\u0105 darome per l\u0117tai, ma\u017eai ra\u0161ome apie sen\u0105j\u0105 kartografij\u0105. Jis primin\u0117, kad Vilniaus universiteto aukl\u0117tinis ir profesorius J. Lelevelis paliko Vilniaus universitetui gausi\u0105 \u017eem\u0117lapi\u0173, atlas\u0173 kolekcij\u0105. Universiteto biblioteka, anot\u00a0 \u010c. Kudabos, yra tarp pasaulio \u201eturtuoli\u0173\u201c, turinti gaus\u0173 senovin\u0117s kartografijos rinkin\u012f.\u00a0<\/p>\r\n<\/article>\r\n<\/div>\r\n<div class=\"cell medium-6 cell-border\">\r\n<article class=\"article-about-simple\">\r\n<p>Svarbus Profesoriaus kartografijos srities darbo baras \u2013 r\u016bpinimasis, kad Vilniaus universitete gyvuot\u0173 kartografija, Bendrosios geografijos ir kartografijos katedra rengt\u0173 kartografijos specialistus. Pats skait\u0117 su kartografija susijusi\u0173 dalyk\u0173 paskaitas (aeronuotrauk\u0173 taikymo geografiniams tyrimams, aeronuotrauk\u0173 taikymo geomorfologiniam de\u0161ifravimui). Jo iniciatyva \u012fvesta nauja disciplina \u2013 Aerokosminiai metodai. Organizavo apr\u016bpinim\u0105 reikiama aparat\u016bra \u0161ios disciplinos d\u0117stymui ir mokymuisi.<\/p>\r\n<p>Bendradarbiavo su Vilniaus universiteto Kartografijos laboratorija. Bendradarbiavimas prasid\u0117jo dar esant gyvam Universiteto kartograf\u0173 mokytojui V. Chomskiui. Po jo mirties laboratorijos rengiamo Lietuvos atlaso (i\u0161leistas 1981 m.) vyriausiuoju moksliniu redaktoriumi tapo profesorius A. Basalykas, po kurio mirties (1986 m.) \u0161\u012f r\u016bpest\u012f tur\u0117jo prisiimti \u010c. Kudaba.\u00a0<\/p>\r\n<p>Daugelis geograf\u0173 savo darbus iliustruoja pa\u010di\u0173 sudarytais \u017eem\u0117lapiais, kartoschemomis, kartogramomis. Profesoriaus ind\u0117lis ir \u0161iuo po\u017ei\u016briu didelis. Jo habilitacin\u0117s disertacijos taikomoji dalis \u2013 labai detalus Baltijos auk\u0161tum\u0173 geomorfologinis \u017eem\u0117lapis.<\/p>\r\n<br \/>\r\n<br \/>\r\n<\/article>\r\n<\/div>\r\n<\/div>\r\n<\/section>\r\n<section class=\"section-content grid-container\">\r\n<div class=\"grid-x grid-margin-x\">\r\n<div class=\"cell medium-6\"><img class=\"aligncenter\" src=\"https:\/\/lietuvoskartografija.lt\/metrastis\/wp-content\/uploads\/2018\/12\/CKUD_4.jpg\" alt=\"Space\" \/><\/div>\r\n<div class=\"cell medium-6\">\r\n<article class=\"article-about-simple\">\r\n<h3>Kartografijos pl\u0117tojimo u\u017edaviniai<\/h3>\r\n<p>Straipsniuose profesorius nurod\u0117, kokie yra pirmaeiliai Lietuvos kartografijos pl\u0117tojimo u\u017edaviniai. Pirmiausia pareiga ugdyti jaun\u0105j\u0105 kartograf\u0173 kart\u0105. Jis ra\u0161\u0117, kad \u0161alia tradicini\u0173 matematin\u0117s kartografijos specialist\u0173, reikia i\u0161ugdyti teminio kartografavimo ir in\u017einerin\u0117s pakraipos kartografus. Negalima atid\u0117ti toponim\u0173, ypa\u010d mikrotoponim\u0173, rinkimo j\u0173 turim\u0173 katalog\u0173 leidimo. Profesorius pabr\u0117\u017e\u0117, kad mums turi r\u016bp\u0117ti mokykl\u0173 kartografija \u2013 sieniniai \u017eem\u0117lapiai, atlasai. Mokyklai negalima si\u016blyti bet ko. Primin\u0117, kad reikia r\u016bpintis, pirmiausia Universitetui, kartografinio palikimo tyrin\u0117jimu, vertinimu, publikavimu, nauja kartografijos terminija. Profesorius, m\u0105stydamas apie kartografijos ateit\u012f, ra\u0161\u0117, kad kartografijos negalima profanuoti, \u017eem\u0117lapis negali virsti plakatu, krauti peln\u0105 \u017emon\u0117ms, nesir\u016bpinantiems mokslo tiesa.\u00a0<\/p>\r\n<p>Profesoriaus \u010ceslovo Kudabos r\u016bpes\u010diu 1979 m. i\u0161leista V. Chomskio knyga \u201eKartografija\u201c. Knyga pasirod\u0117 pra\u0117jus trejiems metams po Vaclovo Chomskio mirties. Joje apibendrinta ilgamet\u0117 V. Chomskio pedagogin\u0117 ir praktin\u0117 patirtis kartografijos srityje.<\/p>\r\n<p>Profesoriaus \u010ceslovo Kudabos atminimui \u012fam\u017einti 2004 m. ant Vilniaus universiteto Gamtos moksl\u0173 fakulteto sienos pritvirtinta memorialin\u0117 lenta.<\/p>\r\n<br \/>\r\n<strong>Nuorodos<\/strong>\r\n<ul>\r\n\t<li>\r\n<p><span style=\"font-size: 10pt;\">Rimantas Krupickas. Profesorius \u010ceslovas Kudaba. Vilnius, 1996<\/span><\/p>\r\n<\/li>\r\n<\/ul>\r\n<\/article>\r\n<\/div>\r\n<div class=\"adbox-left\"><a href=\"https:\/\/100lietuvoszemelapiu.lt\">100lietuvoszemelapiu.lt<\/a><\/div>\r\n<\/div>\r\n<\/section>","protected":false},"excerpt":{"rendered":"Prof. \u010ceslovas Kudaba Prof. \u010c. Kudaba buvo labai plataus akira\u010dio mokslininkas, dirb\u0119s ir tyrimus vykd\u0119s geografijos, geomorfologijos, kartografijos, mokslo istorijos, aplinkos apsaugos, kra\u0161totyros, kra\u0161totvarkos srityse.\u00a0 \u00a0 Lietuvos kartograf\u0173 draugija Apie prof. \u010ceslov\u0105 Kudab\u0105 1934 m. 1993 m. Prof. \u010c. Kudaba gim\u0117 1934 m. liepos 24 d., Kobylninko miestelyje (dab. Naro\u010dius) prie Naru\u010dio e\u017eero Baltarusijoje. Mama [&hellip;]","protected":false},"author":2,"featured_media":0,"parent":1515,"menu_order":0,"comment_status":"closed","ping_status":"closed","template":"","meta":[],"_links":{"self":[{"href":"https:\/\/lietuvoskartografija.lt\/metrastis\/wp-json\/wp\/v2\/pages\/1586"}],"collection":[{"href":"https:\/\/lietuvoskartografija.lt\/metrastis\/wp-json\/wp\/v2\/pages"}],"about":[{"href":"https:\/\/lietuvoskartografija.lt\/metrastis\/wp-json\/wp\/v2\/types\/page"}],"author":[{"embeddable":true,"href":"https:\/\/lietuvoskartografija.lt\/metrastis\/wp-json\/wp\/v2\/users\/2"}],"replies":[{"embeddable":true,"href":"https:\/\/lietuvoskartografija.lt\/metrastis\/wp-json\/wp\/v2\/comments?post=1586"}],"version-history":[{"count":1,"href":"https:\/\/lietuvoskartografija.lt\/metrastis\/wp-json\/wp\/v2\/pages\/1586\/revisions"}],"predecessor-version":[{"id":1587,"href":"https:\/\/lietuvoskartografija.lt\/metrastis\/wp-json\/wp\/v2\/pages\/1586\/revisions\/1587"}],"up":[{"embeddable":true,"href":"https:\/\/lietuvoskartografija.lt\/metrastis\/wp-json\/wp\/v2\/pages\/1515"}],"wp:attachment":[{"href":"https:\/\/lietuvoskartografija.lt\/metrastis\/wp-json\/wp\/v2\/media?parent=1586"}],"curies":[{"name":"wp","href":"https:\/\/api.w.org\/{rel}","templated":true}]}}